git of a?
6
Suppose -21*u + 160 = -20*u. What is the units digit of u?
0
Suppose -i + 4*i = 0. Suppose -9*a + 2*a = -98. Suppose -3*c + i*s - 2*s = -a, 17 = -c - 5*s. What is the units digit of c?
8
Suppose 2*l = 14 + 164. What is the units digit of l?
9
Suppose -j - 2*x - 20 = 2*x, -3*x = j + 16. Let u = 0 - j. What is the units digit of u?
4
Let n = 1 + 2. Let h be 0*3/(-6) - 0. Suppose -3*c - 2*r - n*r - 10 = h, 3*c - r - 20 = 0. What is the units digit of c?
5
Let g(j) = -5*j - 14. What is the units digit of g(-4)?
6
Let q be (4 - 0) + (1 - 3). What is the units digit of (-30)/((-2)/q - 1)?
5
Let j be (-15 + 3)/(-3 + 1). Suppose j*a - 4 - 14 = 0. What is the units digit of a?
3
What is the units digit of 15/20 - (-1028)/16?
5
Suppose 0 = -4*r + 39 + 41. What is the tens digit of r?
2
Suppose 156 = 18*i - 16*i. What is the units digit of i?
8
Let u(k) = -k**3 + 9*k**2 + 17*k - 16. Let i be u(11). Let m = -50 - i. What is the tens digit of m?
2
Let k be 0 - 1*(1 - 0). Let w(p) = -253*p**2 + 1. Let d be w(1). What is the units digit of d/(-35) - k/(-5)?
7
Suppose -3*w = -2*l + 9, -4*l + l = -4*w - 16. What is the tens digit of l?
1
Suppose -4*y = y - 680. What is the hundreds digit of y?
1
Let o = 10 + -7. Suppose 0 = -3*i + o*h - 15 + 48, 53 = 3*i + 2*h. Suppose x - 13 = n - 6, i = x - 3*n. What is the units digit of x?
3
Let d(b) = 8*b. Let o be d(3). Suppose -2*x + 40 + 11 = 5*l, 2*l - x - o = 0. What is the units digit of l?
1
Let t = 190 + -114. What is the tens digit of t?
7
Let v be (-1)/(-1) + 0 + 24. Let p = v - -6. What is the units digit of p?
1
Let p = -114 - -240. What is the hundreds digit of p?
1
Suppose -5*i - q + 374 = -154, 4*i + 3*q = 418. What is the units digit of i?
6
Suppose -2*u + 4*u - 4 = 0. What is the tens digit of 19*1/1*u?
3
Let z = 136 - 76. What is the tens digit of z?
6
Suppose -2*h - 40 = -q, -h + 0*h = q + 20. What is the units digit of -2*h/(-8)*-1?
5
Suppose -63 = -2*x + 5*g, 4 = 2*g - 6. What is the tens digit of x?
4
Let s be (-20)/2*1/(-2). Let b(j) = -j - 2. Let p be b(-7). Suppose -4*o = -p*z - 95, -4*z + 91 = s*o + 3. What is the units digit of o?
0
Let f be (2/3)/((-2)/(-18)). What is the units digit of (-3)/f - 3/(-2)?
1
Let m(j) = -j**2 - 4*j + 317. What is the hundreds digit of m(0)?
3
Let n = -15 + 8. Let r = n + 11. What is the units digit of r?
4
Suppose 0 = 4*s - 2*c - 44, c + 2*c - 15 = -3*s. What is the units digit of (-615)/(-27) - (-2)/s?
3
Suppose 2*u = r - 22 + 81, -4*r + 12 = 0. What is the tens digit of u?
3
Let w(s) = -s**2 + 11*s + 5. Let u be w(11). Suppose -5*n - 196 = -4*t - 15, 64 = t - u*n. What is the tens digit of t?
3
What is the units digit of (-192)/18*(-30)/8?
0
Suppose 55 = 5*p + 5*r, 3*p + p - 14 = 2*r. What is the units digit of p?
6
Let h = 11 + -5. What is the units digit of h?
6
Let j(s) = 12*s - 1. Let p = -3 - -4. Let q be j(p). Suppose 3 = -2*n + q. What is the units digit of n?
4
Suppose -3*x = -4*z + x + 12, -13 = -2*z - 5*x. Suppose -4*y + 7 = r, 3*y = z*r + y - 28. Let v = r - -7. What is the tens digit of v?
1
Let f(x) = -x**2 + x + 1. Let n(t) = t**3 + 9*t**2 - 4*t - 12. Let h(j) = -2*f(j) + n(j). What is the units digit of h(-11)?
2
Let j = -9 + 2. Let p(v) = 2*v**2 + 9*v - 3. What is the tens digit of p(j)?
3
Suppose -l = 5*w - 3*l - 89, 47 = 2*w + 3*l. Let c = w - 11. What is the units digit of c?
8
Let r = 1 + 3. Suppose 0 = -y - 5*z + 16, -r*y + 4*z - z = -18. What is the units digit of y?
6
Suppose t - 2 = -3*n + 2*n, 2*t = -5*n - 2. Let q be 3/2*3*n. Let g = q - -13. What is the units digit of g?
4
Suppose -3*f + 16 = -f. Let u = f + -2. What is the units digit of u?
6
Let d = 8 + -8. Let u(k) = k - 14. Let l be u(d). Let y = 23 + l. What is the units digit of y?
9
Let u be 3 - (0 + 39/3). What is the tens digit of 12/(6/(-2))*u?
4
Suppose 6*x - 2*x - 68 = 0. Let g = x - -6. What is the units digit of g?
3
Suppose 10*f - 12*f + 128 = 0. What is the tens digit of f?
6
Let v be (2/(-3))/((-4)/(-60)). Let x = v + 52. What is the units digit of x?
2
Let a = -2 - -3. Let d(h) = 2*h. Let n be d(a). Suppose 0 = o - 5*f + 9 - 23, 0 = f + n. What is the units digit of o?
4
Suppose 0 = f - 7 - 5. What is the tens digit of f?
1
Suppose 4*d - 3*d = 3. What is the tens digit of d/6*30/1?
1
Let a be (3 - (-3 - -2))/2. Suppose -a*i + 5*k = 2*k - 34, 5*i + 4*k = 39. Let o = -8 + i. What is the units digit of o?
3
Suppose -4*n = 2*w + w - 153, n = 3. Let r = -29 + w. Suppose r = 3*l - 0. What is the units digit of l?
6
Suppose -j = 9*y - 4*y - 255, -j + 4*y + 282 = 0. What is the units digit of j?
0
Let a(h) = -h - 10. Suppose -4*n - 13 = -k, 5*k = 4*k - 4*n - 27. Let o be a(k). What is the units digit of (0 - o - -1) + 1?
5
Suppose 0*i - 2 = 2*c + 4*i, 14 = 4*c - i. Suppose 13 = -h + 3*u, 0 = -4*u - c + 7. What is the units digit of (-21)/(-7)*h/(-3)?
0
Let s = -23 + 45. Suppose 0*i = -2*i + s. What is the units digit of i?
1
Suppose 0*g = -4*g - 64. Let z = -14 + 43. Let v = z + g. What is the tens digit of v?
1
Let a(g) = -g - 1. Let k(r) = -2*r**2 + 8*r + 8. Let v(m) = -5*a(m) - k(m). What is the tens digit of v(4)?
1
Let d(k) = k**2 + 15*k + 29. What is the tens digit of d(-15)?
2
Suppose -1 - 14 = 5*a. Let n = a - -8. What is the units digit of n?
5
Let u be (3 + 7/(-2))*0. Suppose -3*v + b = -52, u = v + 2*b + 2*b - 26. What is the units digit of v?
8
Suppose 4*b = -b + 215. What is the units digit of b?
3
Let v = 30 + -10. Let a = -10 + v. Suppose 0 = -4*j + 6 + a. What is the units digit of j?
4
What is the units digit of 4 + -6 + 20/5?
2
Suppose 0 = 8*f - 218 - 94. What is the tens digit of f?
3
What is the units digit of 11/((-44)/(-168))*1?
2
Let t(v) = 17*v**2 - v - 5*v**2 + 10*v**2. What is the tens digit of t(-1)?
2
Let s(u) = -u**2 + 3*u + 5. Let c be s(5). Let r be (-1)/(-1)*(c + 31). Let g = r - 13. What is the tens digit of g?
1
Let d = -15 - -54. What is the units digit of d?
9
Let g(m) = -18*m + 23. What is the tens digit of g(-8)?
6
Suppose 0*x + 8 = 4*x. Let k = -2 + x. Suppose j + k - 3 = 0. What is the units digit of j?
3
Let u = 23 + -14. Suppose 3*c - u = -2*l, 6*l - l - 3*c - 33 = 0. What is the units digit of l?
6
Let x be (-13)/3 + 8/(-12). Let s = x + 5. Let z = s + 4. What is the units digit of z?
4
What is the tens digit of (3 + -4 + 3)*23?
4
Let u = -1 - -2. Suppose s - 2 = u. Suppose p - 4*w = -2, -s*w + 4 = -w. What is the units digit of p?
6
Let n = -10 - -49. What is the units digit of n?
9
Suppose 5 = b, -5*h + 0*h - b + 25 = 0. Let r = 10 - h. What is the units digit of r?
6
What is the tens digit of -1 + -12*(-5 + 2)?
3
Let h(x) = 2*x**2 + 3*x + 4. Let p = 3 + -6. What is the tens digit of h(p)?
1
Let y = 32 - 19. Suppose 2*m + 3*m - h = -y, 2*m - 2 = 4*h. Let o = m + 7. What is the units digit of o?
4
Let v(z) = z**3 + 5*z**2 - 9*z - 9. Let u be v(-6). Let j = u + -4. Suppose 6*h - 4*h - 35 = j*k, -10 = -3*h - k. What is the units digit of h?
5
Let y be 8 + -4 + -3 + 1 + 1. Let x(n) be the third derivative of n**4/4 - n**3/3 + n**2. What is the units digit of x(y)?
6
Let g = -394 - -555. What is the tens digit of g?
6
Suppose t + 10 = 2*t. Suppose -4 + t = 2*q. What is the units digit of q?
3
Let h = 86 + 73. What is the units digit of h?
9
Let r = 35 + -70. Let x be r/(-10) + 1/(-2). Let k = x + -1. What is the units digit of k?
2
Suppose 2*q + 16 = 2*f, 0*f = -4*q + f - 17. Let k be 2/q + 22/6. Suppose -b - 1 = -k. What is the units digit of b?
2
Let i(u) = 7*u**3 + u**2 + 13. Let m(x) = x**3 + 1. Suppose -r + 1 = -0. Let p(y) = r*i(y) - 6*m(y). What is the units digit of p(0)?
7
Suppose -5*o = -50 - 295. What is the tens digit of o?
6
Let k be 291/12 + (-1)/4. Suppose y = 2, -k = -5*r + 4*y + 68. What is the tens digit of r?
2
Suppose -2*t = 5*q, -q = -0*q - 2*t - 12. Let s = 4 - q. What is the units digit of s?
2
What is the tens digit of (-5)/(5/(-9))*6?
5
Let b(i) = 8*i - 3*i**2 + 6*i**2 + 7 - 4*i**2. What is the units digit of b(7)?
4
Suppose 4*j = -3*j + 532. What is the tens digit of j?
7
Let s(d) = -69*d - 3. Let c be s(-2). Suppose 5*z + 5*u = c, -z + 3*u = -2*z + 25. What is the tens digit of z?
2
Suppose m + 2 = -f + 17, -f - 4*m + 30 = 0. Suppose 0*d = -2*d + f. Suppose 0*l - d*x = -2*l - 16, 3*x = -4*l + 2